Let o(j) = -23391*j + 210539. Determine o(9).
20
Let s(i) = -5*i**2 - 2184*i - 1685. What is s(-436)?
59
Let l(k) = -114*k**2 + 3967*k + 788. Determine l(35).
-17
Let i(k) = -369*k + 5408. Give i(14).
242
Let h(c) = 7*c**3 + 43*c**2 + 207*c + 12. Calculate h(-6).
-1194
Let q(o) = -o**2 - 697*o + 13604. Give q(19).
0
Let g(t) = -6*t**3 + 572*t**2 + 2172*t + 588. Give g(99).
-6
Let p(i) = i**2 - 9804*i + 3436143. Give p(364).
-17
Let o(s) = -s**3 + 23*s**2 + 309546*s + 7939. What is o(568)?
-13
Let v(j) = -2*j**3 - 154*j**2 + 4406*j + 346401. Give v(-76).
-7
Let b(l) = -l**3 + 128*l**2 + 531*l - 271. Give b(132).
125
Let s(d) = 4409*d + 48498. What is s(-11)?
-1
Let l(s) = 92034*s - 2668989. Calculate l(29).
-3
Let i(l) = -4231*l + 80383. Determine i(19).
-6
Let l(j) = j**3 + 79*j**2 + 6*j + 1087. Determine l(-79).
613
Let s(w) = -w**3 + 9*w**2 - 239*w + 4941. Calculate s(15).
6
Let u(j) = 62210*j + 1368623. Give u(-22).
3
Let g(p) = 22*p**2 + 2679*p + 4659. Determine g(-120).
-21
Let l(s) = -3*s**2 + 1851*s + 132. Calculate l(0).
132
Let c(q) = q**2 + 3164*q + 2328922. Give c(-1165).
87
Let h(g) = -5*g**3 - 2*g**2 - 653*g - 1305. Calculate h(-2).
33
Let g(d) = 9635*d + 653. Determine g(0).
653
Let b(u) = u**3 + 67*u**2 + 811*u - 247. What is b(-51)?
8
Let t(u) = -2157*u + 15508. Give t(7).
409
Let r(y) = 475781*y + 3330478. Give r(-7).
11
Let p(i) = -10*i**2 + 1102*i - 13929. Calculate p(13).
-1293
Let q(p) = 3413*p - 197972. Give q(58).
-18
Let x(i) = -22702*i + 204306. Give x(9).
-12
Let c(i) = 28083*i + 421245. Determine c(-15).
0
Let a(j) = -146*j**2 + 2*j - 121. Calculate a(0).
-121
Let n(g) = 3*g**2 - 347*g + 1727. What is n(110)?
-143
Let w(t) = -430*t - 168597. Give w(-392).
-37
Let r(j) = 2383*j - 16589. Give r(7).
92
Let j(q) = 39*q**2 - 258*q - 851. Determine j(9).
-14
Let i(s) = 3*s**3 - 154*s**2 + 53*s - 182. Determine i(51).
-80
Let l(n) = n**3 + 62*n - 28. What is l(8)?
980
Let x(s) = 7*s**2 + 394324*s - 788670. What is x(2)?
6
Let f(o) = 2*o**3 - 10*o**2 - 81288*o + 730948. Determine f(9).
4
Let g(x) = 4*x**3 + 256*x**2 + 252*x + 102. What is g(-63)?
102
Let z(b) = -b**2 - 199*b - 5030. Determine z(-45).
1900
Let a(y) = 5*y**2 - y - 1279. Give a(0).
-1279
Let s(f) = -13*f**3 - 2*f**2 - 110*f - 478. What is s(0)?
-478
Let h(p) = -7*p**2 - 122*p + 205. What is h(-10)?
725
Let w(j) = j**2 + 17368*j + 485518. What is w(-28)?
-2
Let r(s) = 444*s**2 + 1540*s - 1542. What is r(1)?
442
Let j(f) = 1595*f - 157908. Determine j(99).
-3
Let t(d) = -1047*d**3 + 38*d**2 + 50*d + 14. Give t(-1).
1049
Let b(t) = -304*t**3 - t**2 + 96*t - 94. Determine b(1).
-303
Let i(n) = -n**3 - 16*n**2 + 342*n - 88. Determine i(12).
-16
Let c(i) = 181*i**2 - 5967*i - 112. Calculate c(33).
86
Let y(r) = -16900*r - 794072. What is y(-47)?
228
Let w(b) = 30909*b + 20678119. Determine w(-669).
-2
Let l(h) = h**3 - 69*h**2 - 180*h + 10094. What is l(69)?
-2326
Let j(s) = 6*s**3 + 1807*s**2 + 310*s + 2342. What is j(-301)?
-367
Let m(n) = 4942*n + 87041. What is m(-18)?
-1915
Let r(t) = -362*t + 14553. Calculate r(40).
73
Let r(q) = -266*q - 2325. What is r(-12)?
867
Let s(n) = 5*n**2 + 306*n + 4572. Calculate s(-54).
2628
Let h(d) = -2908*d - 8694. Give h(-3).
30
Let s(m) = m**3 - 733*m**2 + 36040*m - 31. Calculate s(680).
-31
Let p(a) = -11*a**3 + 9*a**2 - 100*a + 200. Calculate p(3).
-316
Let b(k) = -3*k**2 + 139*k + 1967. What is b(-12)?
-133
Let g(n) = 48894*n - 97601. Give g(2).
187
Let v(y) = 2683*y**2 - 10308*y + 18. Give v(4).
1714
Let x(u) = -125*u**3 - 23*u**2 - 35*u - 1. Calculate x(-1).
136
Let w(i) = -i**3 + 15*i**2 + 1179*i - 8635. Give w(7).
10
Let i(y) = -y**3 - 1027*y**2 + 11411*y - 7274. Calculate i(-1038).
-8
Let l(d) = 123*d**2 - 2485*d + 61. Determine l(21).
2119
Let a(j) = 696*j - 1567. Calculate a(2).
-175
Let b(r) = -1870*r + 2111. What is b(1)?
241
Let b(n) = 1335153*n - 4005457. Give b(3).
2
Let r(n) = -2*n**2 + 71141*n + 142288. Give r(-2).
-2
Let m(q) = -2035*q + 567764. Determine m(279).
-1
Let b(v) = 409803*v - 1229414. Determine b(3).
-5
Let m(a) = -6*a**2 + 298*a + 2636. Calculate m(57).
128
Let l(f) = 16*f**2 - 346*f + 860. Determine l(3).
-34
Let l(p) = p**2 - 4282*p - 164094. Determine l(-38).
66
Let p(v) = v**3 + 1485*v**2 - 1640*v - 228857. What is p(-1486)?
-13
Let b(q) = -3*q**3 + 86*q**2 + 406*q + 32. Calculate b(-4).
-24
Let s(y) = -45*y**2 - 953*y + 3028. What is s(-24)?
-20
Let z(h) = -58*h**2 + 19*h - 98. Calculate z(0).
-98
Let v(x) = 387*x**2 - 42573*x + 339. Calculate v(110).
9
Let o(j) = 30*j**3 - 346*j**2 - 381*j - 35. Give o(-1).
-30
Let i(c) = c**3 - 392*c**2 - 11189*c - 51982. Calculate i(419).
-26
Let p(l) = -15*l**2 + 4194*l - 8392. Give p(2).
-64
Let v(c) = 6*c**2 - 5435*c - 54510. Calculate v(-10).
440
Let p(g) = -g**3 - 9*g**2 + 62*g + 151. Give p(10).
-1129
Let z(t) = -2*t**3 - 456*t**2 + 7805*t - 709. Calculate z(-244).
23
Let x(o) = -141*o**2 - 136*o - 19. Give x(-4).
-1731
Let p(b) = 2448*b + 5791963. Give p(-2366).
-5
Let j(r) = -r**2 - 85*r - 1634. Determine j(-44).
170
Let s(f) = -f**3 + 216*f**2 - 67*f + 19298. Give s(216).
4826
Let l(h) = -h**2 - 288*h + 5188. Calculate l(-305).
3
Let y(f) = -f**2 + 238*f - 6003. What is y(26)?
-491
Let y(k) = k**3 - 30*k**2 + 431*k - 12949. What is y(30)?
-19
Let u(c) = 22*c**2 + 2957*c + 1227. Calculate u(-134).
21
Let v(n) = 116*n**2 + 5382*n - 58. Determine v(-46).
-2174
Let d(w) = 61*w + 3768. Determine d(-41).
1267
Let u(z) = -z**3 + 6*z**2 + 267*z - 2995. Give u(10).
-725
Let j(o) = -1013*o - 14306. Give j(-15).
889
Let q(z) = z**2 + 853*z - 149571. Give q(149).
-273
Let d(o) = o**3 - 78*o**2 - 413*o - 158. Determine d(83).
8
Let x(c) = -11*c**3 - 10*c**2 + 58*c + 34. Determine x(7).
-3823
Let c(r) = -r**3 - 11*r**2 - 2771*r - 33395. Calculate c(-12).
1
Let s(a) = 3*a**2 + 297*a - 4374. What is s(13)?
-6
Let q(u) = -244801*u - 2937549. Calculate q(-12).
63
Let c(x) = -x**2 + 214*x - 3303. What is c(17)?
46
Let g(u) = -u**2 - 480*u - 6113. What is g(-13)?
-42
Let y(b) = -b**3 + 46*b**2 + 2205*b - 2241. Determine y(75).
9
Let o(k) = -14*k**2 + 1031*k + 110. Determine o(74).
-260
Let v(j) = 19*j**2 + 501*j - 305. Calculate v(-27).
19
Let s(x) = 111*x - 50399. Calculate s(454).
-5
Let j(y) = 288*y - 16131. What is j(56)?
-3
Let d(a) = -351*a**2 + 80*a - 52. Calculate d(1).
-323
Let m(v) = 54*v**2 - 53*v + 53. Determine m(1).
54
Let d(x) = -x**3 + 24*x**2 - 524*x + 9734. Give d(21).
53
Let g(t) = -30386*t - 486176. Give g(-16).
0
Let q(l) = 3*l**3 + 35*l**2 + 231*l + 848. What is q(-7)?
-83
Let k(v) = 142422*v + 10824074. What is k(-76)?
2
Let t(r) = 34*r**2 + 371*r - 438. What is t(-12)?
6
Let j(z) = -56*z**2 + 266*z + 3661. Determine j(-6).
49
Let y(p) = 2*p**2 - 16396*p + 2382793. What is y(148)?
-7
Let h(w) = 8704*w**2 - 26103*w - 18. What is h(3)?
9
Let f(x) = 1326*x**3 - 2566*x**2 - 4*x + 6. What is f(2)?
342
Let w(n) = -43321*n - 216595. Determine w(-5).
10
Let d(a) = a**2 - 58*a - 1422. Determine d(-19).
41
Let t(k) = k**3 + 54*k**2 + 586*k + 215. Calculate t(-30).
4235
Let x(k) = 70*k + 15973. Determine x(-239).
-757
Let r(b) = 75*b**2 + 2608*b - 187. What is r(-33)?
-4576
Let y(h) = 100*h**3 + 5*h**2 + 8823*h - 8827. Give y(1).
101
Let r(d) = -d**3 + 18*d**2 - 39*d - 65. What is r(4)?
3
Let h(v) = -13262*v + 1047737. What is h(79)?
39
Let q(r) = r**3 - 223*r**2 + 403*r - 39277. What is q(222)?
905
Let m(s) = -s**3 + 236*s**2 - 1373*s - 310. Give m(230).
1300
Let h(v) = -2*v**3 + 219*v**2 + 1208*v + 6619. Determine h(115).
64
Let o(n) = -n**3 + 108*n**2 - 745*n - 439. What is o(8)?
1
Let u(w) = -69709*w - 1951870. Give u(-28).
-18
Let u(f) = f**3 + 22*f**2 - 70*f - 6. Determine u(-25).
-131
Let l(m) = m**2 + 230*m - 11120. What is l(41)?
-9
Let l(n) = -20764*n + 19594. Determine l(1).
-1170
Let x(f) = -289*f - 12113. What is x(-47)?
1470
Let h(b) = 4*b**3 + 448*b**2 - 471*b - 2140. Determine h(-113).
7
Let d(m) = -581330*m - 6394628. What is d(-11)?
2
Let i(o) = -4*o**3 + 84*o**2 - 197*o + 173. Calculate i(19).
-682
Let k(d) = -d**3 - 61*d**2 - 202*d - 20655. What is k(-63)?
9
Let k(c) = -27852*c + 2088899. Give k(75).
-1
Let u(f) = 19806*f + 277369. Determine u(-14).
85
Let q(u) = -524*u + 123684. Calculate q(237).
-504
Let y(g) = g**2 + 2556*g + 1